{"id":4043,"date":"2021-11-07T16:13:46","date_gmt":"2021-11-07T16:13:46","guid":{"rendered":"https:\/\/diegobormida.com\/?page_id=4043"},"modified":"2021-11-07T20:31:26","modified_gmt":"2021-11-07T20:31:26","slug":"carnival-paradise-polyurethane-resin","status":"publish","type":"page","link":"https:\/\/diegobormida.com\/OLD\/carnival-paradise-polyurethane-resin\/","title":{"rendered":"Carnival Paradise CCL"},"content":{"rendered":"\t\t<div data-elementor-type=\"wp-page\" data-elementor-id=\"4043\" class=\"elementor elementor-4043\">\n\t\t\t\t\t\t<section class=\"elementor-section elementor-top-section elementor-element elementor-element-f01db34 elementor-section-boxed elementor-section-height-default elementor-section-height-default\" data-id=\"f01db34\" data-element_type=\"section\" data-e-type=\"section\">\n\t\t\t\t\t\t<div class=\"elementor-container elementor-column-gap-default\">\n\t\t\t\t\t<div class=\"elementor-column elementor-col-100 elementor-top-column elementor-element elementor-element-bd51806\" data-id=\"bd51806\" data-element_type=\"column\" data-e-type=\"column\">\n\t\t\t<div class=\"elementor-widget-wrap elementor-element-populated\">\n\t\t\t\t\t\t<div class=\"elementor-element elementor-element-d02e573 elementor-widget elementor-widget-heading\" data-id=\"d02e573\" data-element_type=\"widget\" data-e-type=\"widget\" data-widget_type=\"heading.default\">\n\t\t\t\t<div class=\"elementor-widget-container\">\n\t\t\t\t\t<h2 class=\"elementor-heading-title elementor-size-xxl\">Carnival Paradise CCL<\/h2>\t\t\t\t<\/div>\n\t\t\t\t<\/div>\n\t\t\t\t\t<\/div>\n\t\t<\/div>\n\t\t\t\t\t<\/div>\n\t\t<\/section>\n\t\t\t\t<section class=\"elementor-section elementor-top-section elementor-element elementor-element-3b2686e elementor-section-full_width elementor-section-height-default elementor-section-height-default\" data-id=\"3b2686e\" data-element_type=\"section\" data-e-type=\"section\" data-settings=\"{&quot;background_background&quot;:&quot;classic&quot;}\">\n\t\t\t\t\t\t<div class=\"elementor-container elementor-column-gap-default\">\n\t\t\t\t\t<div class=\"elementor-column elementor-col-33 elementor-top-column elementor-element elementor-element-74a70f7\" data-id=\"74a70f7\" data-element_type=\"column\" data-e-type=\"column\">\n\t\t\t<div class=\"elementor-widget-wrap elementor-element-populated\">\n\t\t\t\t\t\t<div class=\"elementor-element elementor-element-aa9b0dc elementor-widget elementor-widget-image\" data-id=\"aa9b0dc\" data-element_type=\"widget\" data-e-type=\"widget\" data-widget_type=\"image.default\">\n\t\t\t\t<div class=\"elementor-widget-container\">\n\t\t\t\t\t\t\t\t\t\t\t\t\t\t\t<img fetchpriority=\"high\" decoding=\"async\" width=\"688\" height=\"516\" src=\"https:\/\/diegobormida.com\/OLD\/wp-content\/uploads\/2021\/11\/Carnival-Paradise-CCL-Interor-design-epoxy-polyurethanic-resin-floor-hand-painted-decoration-swimming-pool-37-1024x768.jpg\" class=\"attachment-large size-large wp-image-4035\" alt=\"\" srcset=\"https:\/\/diegobormida.com\/OLD\/wp-content\/uploads\/2021\/11\/Carnival-Paradise-CCL-Interor-design-epoxy-polyurethanic-resin-floor-hand-painted-decoration-swimming-pool-37-1024x768.jpg 1024w, https:\/\/diegobormida.com\/OLD\/wp-content\/uploads\/2021\/11\/Carnival-Paradise-CCL-Interor-design-epoxy-polyurethanic-resin-floor-hand-painted-decoration-swimming-pool-37-300x225.jpg 300w, https:\/\/diegobormida.com\/OLD\/wp-content\/uploads\/2021\/11\/Carnival-Paradise-CCL-Interor-design-epoxy-polyurethanic-resin-floor-hand-painted-decoration-swimming-pool-37-768x576.jpg 768w, https:\/\/diegobormida.com\/OLD\/wp-content\/uploads\/2021\/11\/Carnival-Paradise-CCL-Interor-design-epoxy-polyurethanic-resin-floor-hand-painted-decoration-swimming-pool-37-1536x1152.jpg 1536w, https:\/\/diegobormida.com\/OLD\/wp-content\/uploads\/2021\/11\/Carnival-Paradise-CCL-Interor-design-epoxy-polyurethanic-resin-floor-hand-painted-decoration-swimming-pool-37-2048x1536.jpg 2048w, https:\/\/diegobormida.com\/OLD\/wp-content\/uploads\/2021\/11\/Carnival-Paradise-CCL-Interor-design-epoxy-polyurethanic-resin-floor-hand-painted-decoration-swimming-pool-37-1600x1200.jpg 1600w, https:\/\/diegobormida.com\/OLD\/wp-content\/uploads\/2021\/11\/Carnival-Paradise-CCL-Interor-design-epoxy-polyurethanic-resin-floor-hand-painted-decoration-swimming-pool-37-600x450.jpg 600w\" sizes=\"(max-width: 688px) 100vw, 688px\" \/>\t\t\t\t\t\t\t\t\t\t\t\t\t\t\t<\/div>\n\t\t\t\t<\/div>\n\t\t\t\t\t<\/div>\n\t\t<\/div>\n\t\t\t\t<div class=\"elementor-column elementor-col-66 elementor-top-column elementor-element elementor-element-81284ab\" data-id=\"81284ab\" data-element_type=\"column\" data-e-type=\"column\">\n\t\t\t<div class=\"elementor-widget-wrap elementor-element-populated\">\n\t\t\t\t\t\t<div class=\"elementor-element elementor-element-9fe8788 elementor-widget elementor-widget-text-editor\" data-id=\"9fe8788\" data-element_type=\"widget\" data-e-type=\"widget\" data-widget_type=\"text-editor.default\">\n\t\t\t\t<div class=\"elementor-widget-container\">\n\t\t\t\t\t\t\t\t\t<p><i><b>Carnival Paradise<\/b><\/i> \u00a0is a\u00a0<a title=\"Fantasy-class cruise ship\" href=\"https:\/\/en.wikipedia.org\/wiki\/Fantasy-class_cruise_ship\"><i>Fantasy<\/i>-class<\/a>\u00a0<a title=\"Cruise ship\" href=\"https:\/\/en.wikipedia.org\/wiki\/Cruise_ship\">cruise ship<\/a>\u00a0operated by\u00a0<a title=\"Carnival Cruise Line\" href=\"https:\/\/en.wikipedia.org\/wiki\/Carnival_Cruise_Line\">Carnival Cruise Line<\/a>. Built by\u00a0<a class=\"mw-redirect\" title=\"Kv\u00e6rner Masa-Yards\" href=\"https:\/\/en.wikipedia.org\/wiki\/Kv%C3%A6rner_Masa-Yards\">Kv\u00e6rner Masa-Yards<\/a>\u00a0at its\u00a0<a class=\"mw-redirect\" title=\"Helsinki New Shipyard\" href=\"https:\/\/en.wikipedia.org\/wiki\/Helsinki_New_Shipyard\">Helsinki New Shipyard<\/a>\u00a0in\u00a0<a title=\"Helsinki\" href=\"https:\/\/en.wikipedia.org\/wiki\/Helsinki\">Helsinki<\/a>, Finland, she was\u00a0<a title=\"Float-out\" href=\"https:\/\/en.wikipedia.org\/wiki\/Float-out\">floated out<\/a>\u00a0on 29 January 1998, and\u00a0<a title=\"Ceremonial ship launching\" href=\"https:\/\/en.wikipedia.org\/wiki\/Ceremonial_ship_launching\">christened<\/a>\u00a0as\u00a0<i>Paradise<\/i>\u00a0by\u00a0<a title=\"Paula Zahn\" href=\"https:\/\/en.wikipedia.org\/wiki\/Paula_Zahn\">Paula Zahn<\/a>. <sup id=\"cite_ref-FOOTNOTESmith201046_2-1\" class=\"reference\"><\/sup>During 2007, in common with all of her\u00a0<i>Fantasy<\/i>-class sisters, she had the prefix\u00a0<i>Carnival<\/i>\u00a0added to her name.<sup id=\"cite_ref-6\" class=\"reference\"><\/sup><\/p>\t\t\t\t\t\t\t\t<\/div>\n\t\t\t\t<\/div>\n\t\t\t\t<div class=\"elementor-element elementor-element-93ac3e4 elementor-widget elementor-widget-text-editor\" data-id=\"93ac3e4\" data-element_type=\"widget\" data-e-type=\"widget\" data-widget_type=\"text-editor.default\">\n\t\t\t\t<div class=\"elementor-widget-container\">\n\t\t\t\t\t\t\t\t\t<div class=\"hgbeOc\"><nav class=\"U0xwnf\" aria-labelledby=\"i4\"><p><em>Carnival Paradise \u00e8 una nave da crociera di classe Fantasy gestita da Carnival Cruise Line. Costruita da Kv\u00e6rner Masa-Yards nel suo cantiere navale a Helsinki, in Finlandia, \u00e8 stata lanciata il 29 gennaio 1998 e battezzata Paradise da Paula Zahn. Durante il 2007, in comune con tutte le sue sorelle della classe Fantasy, ha aggiunto il prefisso Carnival al suo nome.<\/em><\/p><\/nav><\/div>\t\t\t\t\t\t\t\t<\/div>\n\t\t\t\t<\/div>\n\t\t\t\t\t<\/div>\n\t\t<\/div>\n\t\t\t\t\t<\/div>\n\t\t<\/section>\n\t\t\t\t<section class=\"elementor-section elementor-top-section elementor-element elementor-element-a1f77fd elementor-section-boxed elementor-section-height-default elementor-section-height-default\" data-id=\"a1f77fd\" data-element_type=\"section\" data-e-type=\"section\">\n\t\t\t\t\t\t<div class=\"elementor-container elementor-column-gap-default\">\n\t\t\t\t\t<div class=\"elementor-column elementor-col-100 elementor-top-column elementor-element elementor-element-3cec004\" data-id=\"3cec004\" data-element_type=\"column\" data-e-type=\"column\">\n\t\t\t<div class=\"elementor-widget-wrap elementor-element-populated\">\n\t\t\t\t\t\t<div class=\"elementor-element elementor-element-1287111 elementor-widget elementor-widget-heading\" data-id=\"1287111\" data-element_type=\"widget\" data-e-type=\"widget\" data-widget_type=\"heading.default\">\n\t\t\t\t<div class=\"elementor-widget-container\">\n\t\t\t\t\t<h2 class=\"elementor-heading-title elementor-size-large\">Pool Design &amp; Polyurethane resin by Mapei and Chemco<\/h2>\t\t\t\t<\/div>\n\t\t\t\t<\/div>\n\t\t\t\t\t<\/div>\n\t\t<\/div>\n\t\t\t\t\t<\/div>\n\t\t<\/section>\n\t\t\t\t<\/div>\n\t\t","protected":false},"excerpt":{"rendered":"<p>Carnival Paradise CCL Carnival Paradise \u00a0is a\u00a0Fantasy-class\u00a0cruise ship\u00a0operated by\u00a0Carnival Cruise Line. Built by\u00a0Kv\u00e6rner Masa-Yards\u00a0at its\u00a0Helsinki New Shipyard\u00a0in\u00a0Helsinki, Finland, she was\u00a0floated&hellip;<\/p>\n","protected":false},"author":1,"featured_media":0,"parent":0,"menu_order":0,"comment_status":"closed","ping_status":"closed","template":"","meta":{"footnotes":""},"class_list":["post-4043","page","type-page","status-publish","hentry"],"_links":{"self":[{"href":"https:\/\/diegobormida.com\/OLD\/wp-json\/wp\/v2\/pages\/4043","targetHints":{"allow":["GET"]}}],"collection":[{"href":"https:\/\/diegobormida.com\/OLD\/wp-json\/wp\/v2\/pages"}],"about":[{"href":"https:\/\/diegobormida.com\/OLD\/wp-json\/wp\/v2\/types\/page"}],"author":[{"embeddable":true,"href":"https:\/\/diegobormida.com\/OLD\/wp-json\/wp\/v2\/users\/1"}],"replies":[{"embeddable":true,"href":"https:\/\/diegobormida.com\/OLD\/wp-json\/wp\/v2\/comments?post=4043"}],"version-history":[{"count":10,"href":"https:\/\/diegobormida.com\/OLD\/wp-json\/wp\/v2\/pages\/4043\/revisions"}],"predecessor-version":[{"id":4165,"href":"https:\/\/diegobormida.com\/OLD\/wp-json\/wp\/v2\/pages\/4043\/revisions\/4165"}],"wp:attachment":[{"href":"https:\/\/diegobormida.com\/OLD\/wp-json\/wp\/v2\/media?parent=4043"}],"curies":[{"name":"wp","href":"https:\/\/api.w.org\/{rel}","templated":true}]}}